s 14 divide g(-21)?
True
Suppose 5*b - 1 = 4. Let w be (-8)/(b/(-1) - 1). Suppose -w + 23 = v. Is v a multiple of 8?
False
Let m = 175 - 157. Is m a multiple of 6?
True
Let x be 655/(-35) + 76/28 + -3. Let d = x - -169. Is d a multiple of 14?
False
Suppose -13*h + 45 = -8*h. Suppose 3*m + 0 = u + h, -m - u = -7. Suppose 23 + 37 = m*d. Is d a multiple of 14?
False
Let a be (0 - 163/2) + (-15)/10. Is 14 a factor of (1 - a)*15/10?
True
Let w = 3000 + -2567. Does 7 divide w?
False
Let w(v) = 4*v + 21. Let q(y) = -5*y - 22. Let d(o) = 3*q(o) + 4*w(o). Suppose -8*u + u = -70. Is 5 a factor of d(u)?
False
Suppose -n = 5*h - 10*h + 17, -3*h = -2*n - 13. Does 8 divide 36 + 20 + (0 - 2*n)?
False
Suppose 2*i - 16*i + 7084 = 0. Is 10 a factor of i?
False
Suppose 0 = -2*p + 11*p - 1026. Let k = 123 - p. Does 7 divide k?
False
Let d be 10/5 + 3 + 3. Suppose -d*p - p = -1269. Does 47 divide p?
True
Suppose 5*s - 9 - 1 = 0. Suppose 4*b = 5*y - 56, 2*b - 14 = 3*b + s*y. Is 17 a factor of (14/(-4))/(1/b)?
False
Let x(g) = g**2 - 5*g - 10. Let a be x(7). Suppose 0*r + 1000 = a*r. Suppose 0 = -3*n, -r = -5*z - 6*n + 3*n. Does 25 divide z?
True
Let w(p) = -6*p + 4. Let x be w(-4). Suppose 3*f = -f + x. Let d(h) = h**2 - 5*h - 1. Is d(f) a multiple of 13?
True
Let m(s) = -9*s + 7. Let p be m(1). Does 9 divide (4/10)/(p/(-90))?
True
Is ((-81)/18 - 3)/(2/(-276)) a multiple of 45?
True
Let s be -1 + -4 + 114 + 3. Is 15 a factor of 7/21 - s/(-6)?
False
Does 15 divide (21/6 - 4)*-10 - -25?
True
Suppose 2*b + 16 = -30. Is -1*(-4 + 5) - (1 + b) a multiple of 3?
True
Suppose -2*i = 3*b + 16, 5*b + 5*i + 27 = -3. Let g be (6/b)/(3/(-20)). Does 11 divide (12/g)/(4/110)?
True
Let m = 2129 + -1549. Does 4 divide m?
True
Suppose 31*d - 20*d - 33 = 0. Let c(n) = 4*n**2 - 3*n + 15. Is 6 a factor of c(d)?
True
Suppose -207 = -s + q, 0 = 3*s + 2*q - 266 - 370. Is s a multiple of 3?
True
Suppose -545 = -7*d + 1303. Does 12 divide d?
True
Suppose 0 = 8*q + 313 - 1273. Does 12 divide q?
True
Suppose 0*x = -6*x + 18. Suppose 0*k + 2*k - 8 = 0, 0 = x*f - 2*k + 17. Is f - (0 - (-184)/(-4)) a multiple of 9?
False
Suppose 3*j + j = -3*l + 408, 2*l - 274 = -2*j. Does 11 divide (-6)/((-24)/l) - -1?
False
Let r(s) = -34*s - 172. Does 26 divide r(-10)?
False
Let m(c) = 35*c + 292. Let r be m(-8). Suppose -f = 4*f - 180. Let a = f - r. Does 6 divide a?
True
Does 68 divide (-4169)/(-99)*6 - 1/(-3)?
False
Suppose -4*u + 2417 = 3*m, 545 = -3*u - 5*m + 2366. Is 18 a factor of u?
False
Let u(j) = -j**2 + 31*j + 25. Does 7 divide u(23)?
False
Suppose -103*j + 1666 = -89*j. Is 7 a factor of j?
True
Suppose -3797 = -5*x + 3*v + 723, -5*x = 3*v - 4550. Is 24 a factor of x?
False
Let s be 4*(17/4 + -2). Let c(k) = -k**2 + 3*k + 19. Let t be c(5). Is 3 a factor of (-2)/t - (-182)/s?
False
Let s = 6040 + -1090. Is 45 a factor of s?
True
Let z(b) = 2*b**3 - 13*b**2 - 3*b + 13. Is z(7) a multiple of 9?
False
Does 50 divide (-4)/6*(33075/10)/(-21)?
False
Let r(v) = -v**2 + v + 17. Let i be (-2)/11 + (-79)/(-11). Let h be r(i). Let d = -20 - h. Is d even?
False
Let n be 1*(-5)/((-15)/9). Suppose 4 = n*l - 2*l. Suppose l*o - o = 210. Does 18 divide o?
False
Let w(i) = -57*i**3. Let r be w(-1). Suppose -5*m + 93 = -r. Is m a multiple of 13?
False
Let z be (-2)/(-17) - (-198)/51. Suppose -3*v = 12, 4*y = z*v + 24 + 344. Is 22 a factor of y?
True
Suppose 4*b - 12 + 0 = 0. Is 13 a factor of (b - (3 + -3)) + 109?
False
Let j(i) = i**3 + 11*i**2 + 9*i - 10. Let p be j(-10). Does 18 divide ((-168)/(-63))/((-1)/(-12) + p)?
False
Let w be (-39)/18 + (-3)/(-18) + 4. Suppose w*i = -8 + 122. Is i a multiple of 19?
True
Let k(n) be the first derivative of -n**3/3 + n**2 + 65*n - 5. Is k(0) a multiple of 23?
False
Suppose -5*u + 0*u = -840. Does 6 divide u?
True
Let j = 684 + -276. Suppose -3*n - 1 = -109. Is 3 a factor of j/27 + (-4)/n?
True
Let z(v) = v**3 - 5*v**2 + v + 1. Let y be z(5). Let n = 46 - -1. Suppose -c + y*c - 5 = 0, 5*c + n = o. Is 14 a factor of o?
False
Let o(z) be the third derivative of 7/6*z**3 + 0*z - 2*z**2 - 7/24*z**4 + 0 + 1/60*z**5. Does 15 divide o(8)?
True
Let t(k) be the second derivative of k**2 - 5/12*k**4 - 2/3*k**3 + 0 + 10*k + 1/20*k**5. Is t(7) a multiple of 20?
False
Suppose 3*n + 7 = 1, -3*n = -14*i + 7566. Is 4 a factor of i?
True
Let p = 275 + 93. Is 27 a factor of p?
False
Let i(v) = -v**2 - 8*v - 5. Let l be i(-5). Suppose l = a - 38. Is a a multiple of 16?
True
Let x(o) = 4*o**2 - 19*o + 14. Let w be x(8). Let n = 198 - w. Is n a multiple of 13?
False
Suppose -2*i = -6*i - 20. Is 15 a factor of (46/(-6))/(i/30)?
False
Suppose 4*p - 11 = 5. Suppose -2*z - p*t + 92 = 0, 0 = -z + 2*t + 79 - 25. Does 10 divide z?
True
Let j = 2 + 0. Suppose j*s = -s. Suppose s*u - 414 = -3*u. Is u a multiple of 23?
True
Let p = 434 + -368. Does 6 divide p?
True
Let r = -11 + 16. Suppose 11 + 194 = r*s. Suppose -q + s = -7. Is 16 a factor of q?
True
Let r be 26/10 + -1*(-6)/(-10). Suppose 4*g = r*g + 360. Is g a multiple of 36?
True
Let y(m) be the third derivative of -1/8*m**4 + 0 - 1/30*m**5 + 0*m - 1/120*m**6 + 2/3*m**3 - m**2. Is y(-4) a multiple of 16?
True
Suppose -5*f + 678 = 2*z - 9*f, -f = -2*z + 675. Is 4 a factor of z?
False
Suppose 2952 = 8*t + 256. Suppose 3*h + 64 = t. Is 13 a factor of h?
True
Let x(p) = -16*p + 13. Let g be 10/(-4)*(-16)/(-10). Is x(g) a multiple of 14?
False
Suppose 3*j - 2*a = 367, -5*j + a + 174 = -440. Suppose -2*w = -6, -q - 2*q - 4*w + j = 0. Does 37 divide q?
True
Suppose 2938 = 8*x - 18086. Does 146 divide x?
True
Suppose -w + 13 + 318 = -3*u, 4*w + 3*u - 1309 = 0. Suppose 1201 = 11*f - w. Is f a multiple of 28?
False
Let v(u) = u**2 + u - 149. Let b be v(0). Let h = -89 - b. Is h a multiple of 9?
False
Let c(m) = m**3 - 6*m**2 - 8*m + 8. Let w be (-1)/(3/6) - -14. Suppose 0 = -2*h - 2*b + 11 + 11, 0 = 4*b - w. Is c(h) a multiple of 24?
True
Let r(n) = 2*n**3 - 6*n**2 + 5*n - 5. Let u be r(5). Suppose -2*p = 2*v - 208, p + 3*v = 2*p - u. Is p a multiple of 18?
True
Let c(s) = 17*s**2 - 36*s - 7. Is 17 a factor of c(5)?
True
Let j be 46 + (-4)/6*6. Suppose 3*o = -4*c + 13 + j, -4*c = -o - 51. Let w = c + -3. Is 3 a factor of w?
False
Let c(o) = -2*o + 7. Let a = 43 - 25. Let f = 12 - a. Does 10 divide c(f)?
False
Let h(o) = o**3 - o**2 - 4*o + 17. Let f be h(6). Let t = -89 + f. Is 28 a factor of t?
True
Let c be (-2)/1*(-12)/8. Suppose -c*u - 32 = -5*u - 4*d, -5*d = 0. Is u a multiple of 10?
False
Let b = 148 - -292. Is 88 a factor of b?
True
Let h = 45 - 39. Suppose h*k + 1 = 13. Suppose -12 = -k*p + 90. Is p a multiple of 6?
False
Suppose -4*a + 33 = 5*s, -5*s + 15 = -4*a - a. Let g(c) = -10*c + 7. Let x be g(a). Let r = 17 - x. Does 10 divide r?
True
Let p(y) = 11*y**2 - 17*y - 3. Let j be p(14). Suppose -2*i - 3*i = -j. Suppose 0 = -4*t - 83 + i. Is t a multiple of 27?
False
Let m(a) = 808*a - 75. Is m(2) a multiple of 41?
False
Suppose -4*b - s = 6331 - 18938, -b = -2*s - 3154. Does 22 divide b?
False
Suppose 3 = 3*m, 2*p + 4*m - 28 = -p. Suppose -3*n = -p*n. Suppose 2*r - 7 = g, 0 = 3*r - n*r + 3*g - 6. Is 2 a factor of r?
False
Suppose -35*w + 24 = -32*w. Suppose 0 = 4*z - w*z - 32. Is 13 a factor of 470/(-40)*z/2?
False
Let x = 517 - 359. Suppose -4*n + 16 = -0. Suppose -5*d = j - x, n*j - 13 = d - 53. Does 16 divide d?
True
Suppose -4*a + 5*v - v - 444 = 0, v = -4*a - 449. Let p = 184 + a. Does 6 divide p?
True
Suppose 3*d - 8*d + 55 = 0. Let c = d + 23. Is 14 a factor of c?
False
Let y(t) = -t**3 + 12*t**2 + 11*t + 8. Let k be y(-8). Suppose 12*h - 4*h = k. Does 30 divide h?
True
Suppose -553 = -w + 2*k, -5*w + 0*k + 2*k = -2805. Is 21 a factor of w?
False
Let a = 2024 - 1131. Is 5 a factor of a?
False
Does 40 divide (-4)/(-8)*(-3 - -967)?
False
Suppose 0 = -4*w + 2*x - 7*x - 11, 4*w + 2*x = -2. Suppose -h - 10 = 4*y - w, h + 7 = -5*y. Let i = 43 - h. Is i a multiple of 10?
True
Is 19 a factor of 266/1995 - (1 - 27943/15)?
True
Let a = 225 + -185. Is a a multiple of 3?
False
Is 29 a factor of (-27897)/(-13) - (-17)/221?
True
Let z = 143 - 90. Suppose -5*l - u = -19, 3*u - 12 = -0*u. Is 13 a factor of l/6 - z/(-2)?
False
Suppose 4*g - 313 = 5*r, -6*r - 236 = -3*g - r. Suppose -51 - 42 = -3*x. Let i = g - x. Does 12 divide i?
False
Suppose 0 = 7*c - 4